3 - 3*z**2 + z - 3. Let c be q(3). Suppose 3*a - 3 = c, 0*m + m = a - 7. Let u = m + 13. List the prime factors of u.
7
Let c(k) = 0*k + 60*k**2 - k + 2*k. Let f be c(1). List the prime factors of 10/35 + f/7.
3
Let q = 2 + 6. Let u(h) = h**3 - 5*h**2 + 2. Let x be u(5). Suppose x*j - q = -0*j. What are the prime factors of j?
2
Let u = 178 - 53. What are the prime factors of u?
5
Let p(n) be the third derivative of n**5/30 + n**4/24 - 5*n**2. What are the prime factors of p(2)?
2, 5
Let j be 0*(-1)/3*1. Suppose -5 = 5*c - j. Let r = c + 5. List the prime factors of r.
2
Suppose -t - 26 + 74 = 0. What are the prime factors of t?
2, 3
Let a(d) = 24*d - 25. What are the prime factors of a(8)?
167
Let z = 321 - 51. What are the prime factors of z?
2, 3, 5
Let d = 6 + -11. List the prime factors of 2/d - (-252)/30.
2
Let k(v) = -10*v - 2. Let p(y) = 10*y + 3. Let a(t) = -6*k(t) - 5*p(t). Let j be a(3). Suppose -j + 2 = -5*l. List the prime factors of l.
5
Let i = -4 + 4. Suppose p = f + 5*p - 17, i = -4*f + 3*p - 8. What are the prime factors of (f/2)/((-2)/(-12))?
3
Let h = -3 - -3. Let m be ((1 - 3) + h)*-2. Suppose 4 = m*p - j, -8 = 2*p + j - 4*j. List the prime factors of p.
2
Let y(r) = -r - 3. Let p be y(-5). Suppose p*j + 1 - 5 = 0. Let h = j - -9. What are the prime factors of h?
11
Suppose f - 12 = -k, f = 8*k - 3*k - 18. Suppose f*m - 95 = 2*m. What are the prime factors of m?
19
Suppose -g + 4*x - 4 = 0, 0 = -3*g - 0*x - 2*x + 2. Suppose 4*h = 5*h - 4. Suppose g*f + 2*f = -h*l + 38, 5*l - 70 = 2*f. What are the prime factors of l?
2, 3
Suppose 0*l = p - 3*l - 270, -2 = -l. Let s be p/(-14) + (-6)/21. Let o = s + 30. What are the prime factors of o?
2, 5
Let h(y) be the first derivative of y**4/4 + y**3 + y**2 - 3*y - 1. Let c be h(-3). Let w = c + 25. What are the prime factors of w?
2
Let v = -14 + 7. Let s = 4 - 1. What are the prime factors of (s + v)*(-10)/8?
5
Let i be (-2)/2*(-8 - -4). Suppose -5*k = i*r - 25, 4*k + 2*r - 4*r = 20. Suppose 4*s - 2 = -14, 4*f - k*s - 47 = 0. What are the prime factors of f?
2
Let a(n) = -n**3 + 5*n**2 - 2*n - 5. Let z be a(4). Let r(l) = -2 + z - 2*l + 5*l. What are the prime factors of r(4)?
13
Suppose -5*n - 41 = -y, 5*y - 3*n + 2*n = 133. What are the prime factors of y?
2, 13
Let w(l) = l**2 + l + 37. Let r be w(0). Suppose g = -0*g - 3*z + 15, -5*z + r = 3*g. List the prime factors of ((-20)/(-6))/(3/g).
2, 5
Suppose 0 = -4*b - 2*j + 40, b - j = -5*j + 3. What are the prime factors of b?
11
Suppose -2*w + 2 = 0, -5*w + 134 = n - 4*w. What are the prime factors of n?
7, 19
Suppose 1 = -0*t + t. Suppose t = 3*n - 41. List the prime factors of n.
2, 7
Let t be 36/4 + 1 + -1. Let r(u) = 2*u + 10. List the prime factors of r(t).
2, 7
Let z = -1 - -3. Let u(m) = -m**z + 3 - 2 - 7*m + 5. What are the prime factors of u(-7)?
2, 3
Let a(z) be the first derivative of -z**4/4 - 11*z**3/3 - 6*z**2 - 8*z + 3. What are the prime factors of a(-10)?
2, 3
Let b = 16 - 9. Suppose -1 = h, 2*h + 19 = 2*z + b. Suppose 2*o + z*s + 2 = 0, s = -2*o + 17 - 3. List the prime factors of o.
3
Let c = 5 - 3. Suppose -3*d + c = -d, -k + 4*d = -35. Suppose 4*r - 3*i = k, i + 16 + 29 = 4*r. What are the prime factors of r?
2, 3
Let x(j) = 2*j**3 - 4*j**2 + 3*j - 4. Let f be x(3). Let t = 39 - f. Suppose 4*d - 5*y - t = -4, 4*y = -2*d + 6. List the prime factors of d.
3
Let y(i) = -2*i**2 + 11*i + 9. Let h be y(-11). What are the prime factors of h/(-10) - (-16)/(-40)?
5, 7
Let o be 1*0/(-2 + -1). Suppose -n - c = -3*c - 1, 4*c - 16 = o. What are the prime factors of n?
3
Let x(g) = 2*g**2 + 10 - 5*g**2 + 3*g**2 - g**2. List the prime factors of x(0).
2, 5
Suppose -3*s + 4*f = -51, 2*s = f + 32 + 7. What are the prime factors of s?
3, 7
Let n = 10 + -6. Suppose -5*b - 3*t + 35 = 2*t, -3*t = -n*b + 49. What are the prime factors of b?
2, 5
Suppose -5*b + 3*m - 16 = -m, -m = 5*b - 4. Suppose b*a = -3*a + 54. What are the prime factors of a?
2, 3
Suppose 14 = 2*h - 4. Suppose 4*t - h = 3. What are the prime factors of t?
3
Let f(k) = k**2 - k - 2. Let i be 4/3*(-21)/(-14). Let z be f(i). Let h(l) = l**3 - l**2 - l + 16. List the prime factors of h(z).
2
Suppose k + 3 = 5. Suppose 4*h = -20, -2*w - 4*h + k = -2. Suppose 3*l - w = -0*l, 4*q + l - 20 = 0. What are the prime factors of q?
2
Suppose 112 = -0*n + 4*n. What are the prime factors of n?
2, 7
Suppose -4*q + 12 = 4. Let y(m) = -m**3 - 5*m + q*m**2 - m + 6*m**2 + 8. What are the prime factors of y(7)?
3, 5
Suppose 3 + 9 = 4*f. Suppose -f*x - 4 = 2. What are the prime factors of 0 - ((-2)/x - 15)?
2, 7
Let r = 47 + -20. Suppose 0*g - 2*a = -3*g + r, 0 = -4*g + 5*a + 29. What are the prime factors of g?
11
Let l(x) be the second derivative of -x**3/3 + 8*x**2 - 6*x. List the prime factors of l(-8).
2
Let z = -39 + 150. List the prime factors of z.
3, 37
Suppose 5*h - 2*h - 3 = 0. What are the prime factors of (1/3)/(h/9)?
3
Suppose 3*b - 3*u - 35 = 2*b, -2*b + 72 = -4*u. List the prime factors of b.
2, 19
Let b be (-4)/6 + (-8)/6. Let m = 0 - b. Suppose 0 = m*h - 0*h - 12. List the prime factors of h.
2, 3
Let c(o) = -o**2 + 4*o - 3. Let b = 8 - 5. Let a be c(b). Suppose -5*x - 8 + 63 = a. What are the prime factors of x?
11
Let r = 2 - -9. What are the prime factors of r?
11
Let i = -24 - -16. Let z be (4/i)/((-2)/56). List the prime factors of z*(10/4 - 2).
7
Let j be 6/(-4)*(-56)/21. List the prime factors of (-47)/(-4) - 3/j.
11
Suppose -2*l - l - 912 = 0. List the prime factors of ((-2)/(-4))/((-4)/l).
2, 19
Let m = 3 + -3. Suppose k + 3*k - 16 = 0, -4*n - k + 160 = m. What are the prime factors of n?
3, 13
Suppose -17 + 20 = -3*m. What are the prime factors of (m - -5) + 1 + 47?
2, 13
Suppose -4*u = -3*u - 37. What are the prime factors of u?
37
Let j = 85 + -58. What are the prime factors of j?
3
Let m(w) = -2*w**2 - 8*w - 4. Let f be m(-5). Let r = f + 21. What are the prime factors of r?
7
Suppose -2*s = -3*n - 485, 0 = -3*s + 3*n + 2*n + 730. What are the prime factors of s?
5, 47
Suppose h + 13 = 2*u, 2*h + 5*u + 5 = -3*h. Let t(j) = 4*j**2 - 2*j - 3. Let i be t(-2). Let w = h + i. What are the prime factors of w?
2, 3
Let u(j) = 6*j**2 - 1. Let l(i) = -13*i**2 + 2. Let f(c) = -3*l(c) - 5*u(c). Suppose 4*a - 10 = 6, 5*a - 19 = -k. List the prime factors of f(k).
2
List the prime factors of (4/6)/((-4)/(-690)).
5, 23
Suppose -2*o + 4*j - 12 = 0, -7 = -3*o - 2*j - 1. Let v = 0 + 2. Suppose 111 = 5*l - 2*k + 1, 4*l + v*k - 70 = o. List the prime factors of l.
2, 5
Suppose -14 = -y + 3*g + 3, 2*y - g = 19. Let r = y - 1. What are the prime factors of r?
7
Let j be ((-3 - 3)/(-3))/1. Suppose 74 = j*n + 4*h, 0 = -0*n - n + 5*h + 2. List the prime factors of n.
3
Let h(z) = 2*z**2 - 19*z - 31. What are the prime factors of h(15)?
2, 67
Let o(b) = b - 5. Let k(i) = -i**3 - 2*i**2 + 2*i + 4. Let l be k(-3). List the prime factors of o(l).
2
Let r(t) = -t**3 + 5*t**2 - 2*t - 2. What are the prime factors of r(3)?
2, 5
Let m(f) = -f**3 + 5*f**2 + 8*f - 7. Let p be m(6). Suppose 2*y = -4*a + 12, 3*y - 20 = -0*a - p*a. What are the prime factors of y?
2, 5
Suppose 2*r = 5*r - 21. Let y = r + -7. Suppose 5*q - 5*u - 80 = 0, 6 = 3*u - y. What are the prime factors of q?
2, 3
Let w = -3 + 7. Let p = 7 - w. Suppose 3*n - 4*n = p, 5*f - 5*n = 50. List the prime factors of f.
7
Let d be ((-4)/(-6))/((-10)/(-75)). Suppose l - 7 = -x - 27, d*l = -10. Let b = 26 + x. List the prime factors of b.
2
Suppose 4*b - 12 = -v, 0*v + v = 4. Suppose -b = 2*y, 2*y - 6*y - 61 = -3*d. What are the prime factors of d?
19
Let b = 22 + -6. List the prime factors of b.
2
Let k = -9 - -15. Let z = k + -2. List the prime factors of z.
2
List the prime factors of (-36)/45 + 4/(20/1529).
5, 61
Let r(s) = 6*s**2 - 2*s. Let o(j) = -3*j**2 + j. Let n(m) = -5*o(m) - 2*r(m). Let v = 2 - 1. What are the prime factors of n(v)?
2
Suppose 3 = 4*y - 5. Suppose -y*d + 45 = -21. What are the prime factors of d?
3, 11
Let y be 246/8 + 2/8. Let k = y + -8. What are the prime factors of k?
23
Let r = -106 + 148. List the prime factors of r.
2, 3, 7
Let x = 2 - 5. Let a be 34/4 + (-2)/4. Let r = a - x. List the prime factors of r.
11
Let u = 5 + -1. Let p = 13 - u. List the prime factors of p.
3
Let f be 112/12*6/(-4